se -m = m - y, -4*m + 14768 = 4*l. Is l composite?
False
Let t = 1023728 - 586927. Is t prime?
True
Let d(b) = 79*b**3 - 21*b**2 + 187*b + 26. Is d(15) composite?
False
Let z(c) = -330*c + 5981. Is z(0) prime?
True
Suppose -22853 = -2*c - 4*o + 21425, -4*c - 5*o + 88568 = 0. Is c a composite number?
False
Let z(n) = -6068*n - 547. Is z(-12) a prime number?
True
Suppose 2*y + 2*n - 742180 = 0, y + 17*n - 18*n - 371100 = 0. Is y a prime number?
False
Let w(d) = -7*d**3 - d**2 + d. Let k be w(-3). Let v(n) = n**3 - 151*n**2 - 146*n + 190. Let i be v(152). Let p = k + i. Is p a composite number?
False
Let v be (91/(-65))/((-2)/(-10)). Let x(q) = -q**3 + 12*q**2 - 7*q + 2. Let u be x(8). Is (u - (v + 1)) + 1*-3 prime?
False
Is ((-38)/(-114))/((-1)/15) + 618 composite?
False
Let r = 1764926 + -4587426. Is r/(-140) - 4/(-14) composite?
False
Suppose -g - 32 = -5*g. Let v(n) be the first derivative of n**4/4 - 5*n**3/3 + n**2/2 - 9*n + 315. Is v(g) a composite number?
False
Let m be 3 + (-2 - -3) - -11. Suppose 8*c - 3*c + 2*g - m = 0, 5*c = 3*g + 40. Suppose o = c*z - 1906, -5*z - 4*o + 1043 = -858. Is z prime?
False
Is (3770/6 + 3 + -5)/(132/50292) a composite number?
True
Suppose -4*j = -5*d + 8 + 5, -3*j + 3*d = 6. Let k be -3362 + (-11)/33*2*j. Let l = -1985 - k. Is l a prime number?
False
Let j = -7 + 11. Suppose 0 = -a - 4*d - 7356, 2*d = -3*a + j*d - 22096. Is 1/(a/(-2454) + -3) a composite number?
True
Let f = -269648 + 408090. Is f prime?
False
Let s(g) = -4*g**3 - 3*g**2 + 6*g + 18. Let n(c) = c**3 - c - 1. Let a(y) = 6*n(y) + s(y). Suppose 11*f = 5*f + 54. Is a(f) composite?
True
Suppose 10154389 - 4644351 = 71*o - 28639471. Is o composite?
False
Let y = 88854 + -2000. Is y composite?
True
Let f be 493166/276 + (-2)/(-12). Let z = 2190 + f. Is z composite?
True
Let k be 11 + 18/(-6 - -3). Suppose 1 = -w, -k*a + w + 8632 = -7624. Is a prime?
True
Let g(o) = -2*o + 33. Let d be g(15). Suppose d*u - 815 = -4*b + 751, -514 = -u - 4*b. Is u a prime number?
False
Suppose -3 = -2*y - 5, -4*o = 3*y - 22717. Suppose 4*p - 14*j + 16*j - 4566 = 0, 5*p - 3*j - o = 0. Is p a composite number?
True
Let k be -2 - (-112)/52 - 1177119/(-117). Suppose k = 3*v + 4*g - 1562, -5*v + 4*g = -19393. Is v prime?
True
Let a(d) = 3 + 120*d - 30*d - 547*d - 4. Let b be a(-5). Suppose -2*x = 3*x + y - 2869, 4*x - 2*y - b = 0. Is x composite?
True
Suppose 0 = -2*p + 332839 - 106961. Is p a prime number?
True
Let c = -1525859 + 3305082. Is c composite?
False
Suppose 39*y = 35*y + 32. Is 10937/(y*8/64) a prime number?
True
Let u = 53 + -41. Let a be (1 + 1)*(66/u + -5). Is (4276/(-6))/(-1 + a/3) prime?
True
Let d(k) = 26*k**2 - 10*k + 3. Let z = 33 - 47. Let p(w) = -3*w - 38. Let a be p(z). Is d(a) a prime number?
True
Suppose -5*r = 43*r + 5280. Is (13*-881)/(10/(r/11)) a prime number?
False
Suppose -3*d + 343767 = 4*x, -317943 - 255034 = -5*d + 4*x. Is d a composite number?
False
Suppose -2006*h + 2005*h - 4*x = -573405, 0 = 3*h - 2*x - 1720327. Is h a prime number?
True
Suppose 4*c - 140 = -108. Suppose -10*f + c*f = -8, 3*f = -3*p + 4803. Is p composite?
False
Let s = -99549 - -379240. Is s prime?
False
Let v(c) = -1067*c + 4514. Is v(-111) a composite number?
True
Let w(o) = o**2 + 18*o**3 - 13*o**3 - 6 - 3*o**3 - 4*o**3. Let n be w(3). Is n/68 + (-430)/(-8) a composite number?
False
Let z be (-5*1/(-10))/(1/12). Suppose -2*r = -z*r + 16. Suppose r*u = -u - 4*m + 8393, 15 = -5*m. Is u a prime number?
False
Let k be (-2)/6*(-9 - -6). Let q be (-1 - k) + -11 - -3. Is (-15)/q*1554/9 composite?
True
Suppose 3*x + 3*x = 47286. Let a = -5574 + x. Is a composite?
True
Let j = -9 - -190. Suppose 5*s - 2*z = 324, -4*z + 5*z = 3. Let t = j - s. Is t prime?
False
Let c(y) = -y**3 - 14*y**2 + 19*y - 64. Let w be c(-16). Suppose 0 = 106*a - w*a + 202882. Is a composite?
True
Let g = -35796 - -167779. Is g a prime number?
False
Let q(o) = -30*o - 12. Suppose -11*i = 108 + 101. Let l be q(i). Suppose 159 = 3*x - l. Is x a composite number?
False
Suppose -141*j + 3800105 - 1125646 = -1291448. Is j prime?
False
Let h(r) = -r**3 + 4*r**2 - 3*r + 13. Let m be h(4). Is 24/108 + (-16322)/(-18)*m a prime number?
True
Is (-4)/80 + 51104067/140 composite?
True
Let l(f) = -f**2 + 3. Let j be l(-2). Is 91848/6 - (j - -2) a composite number?
False
Let k be 3/((-33)/(-2)) - 42/(-11). Suppose s = -k*s + 6470. Is s prime?
False
Suppose -116 = -3*y + 115. Let v = y - 83. Is (-817)/((2 + -4)*(-3)/v) prime?
False
Is (-19)/(-57) - (-4915272)/18 a prime number?
False
Suppose 15*l = -0*l + 19365. Let b = 160 + l. Is b a prime number?
True
Suppose 0 = -3*y - 1 + 13, 3*q = -2*y - 4114. Let v = q + 2937. Is v prime?
False
Is (-1718186)/(-90) - 174/(-3915) a composite number?
True
Let q(b) = 80*b**2 - 12*b + 2. Let h(l) = l**2 - l. Let p(d) = -12*h(d) + q(d). Is p(-2) a prime number?
False
Suppose -4*b - 2*t - t = -13, -b - 4*t + 13 = 0. Is (-478885)/(-75) - (-12)/(-90)*b a composite number?
True
Suppose 5*l = -3*r - 8 - 6, 0 = 5*r - 3*l - 22. Suppose -r*z - 807 = -u, 3*z - 8*z + 1632 = 2*u. Is u composite?
False
Suppose -i + 1001 - 750 = 0. Suppose -259*g = -i*g - 82568. Is g prime?
True
Let b(z) = 68*z**2 + 15*z + 911. Is b(-52) composite?
False
Let h(x) = -2*x**2 + 54*x - 46. Let p be h(26). Suppose -647 = -3*v + 2*o, 10*v + 4*o - 896 = p*v. Is v a prime number?
False
Is -4*(-5)/260 + 52379222/182 + -9 a prime number?
True
Let m(s) = -37*s**2 - s + 24. Let b be m(3). Is (-111)/21 + 12/42 - b a prime number?
True
Let z(s) = -77*s - 9. Let a be z(-5). Suppose 2*q - 3*y - a - 661 = 0, 0 = -5*q + y + 2599. Let f = q - -4447. Is f composite?
False
Let i = 14353 - -498. Is i composite?
False
Let r(a) = -6*a - 55. Let i(h) = -h**2 + 4*h - 10. Let l be i(4). Let q be r(l). Is (-61376)/(-70) + 6/q + -1 prime?
True
Suppose 77*v - 6423118 = 54199. Is v composite?
False
Is (-2)/14 + (-240)/224*(-868696)/5 composite?
False
Suppose 3*d + 202 = -o + 13, d = 5*o - 47. Let q be 7/(-42) + d/(-12). Let m(v) = 5*v**3 - 7*v**2 + 7*v - 12. Is m(q) a composite number?
True
Suppose 5*f + s = 11107 + 358, 0 = 3*f + s - 6877. Let y = f + 4511. Is y prime?
False
Suppose -5*g + 3660 = -0*g. Let i = 271 + g. Is i a composite number?
True
Let q(m) = -15*m + 125. Let i be q(8). Suppose 11*n - i*n = 30270. Is n a prime number?
False
Let l be (-4)/(20/(-25)) - -7603. Let h = l - -1901. Is h composite?
True
Suppose 284*n - 29180167 - 5194909 = 0. Is n a prime number?
True
Suppose 3*d = -2*z + 4, 4*z = -z + 4*d + 56. Is 3 + (z - 4) + 1266 a prime number?
False
Suppose -8*a + 8 = -24. Is a/(-2) - (-1)/((-6)/(-25638)) composite?
False
Let w(v) = -v**3 - 9*v**2 - 8*v + 3. Let g be w(-8). Suppose -2*y + 2 = 3*k, -g*y = 2*k + k. Suppose -10*l = -k*l - 904. Is l prime?
True
Suppose -23*k - 20*k = -37*k - 294666. Is k a composite number?
True
Suppose 0 = 4*l - 2*g - 178530, 276*g = 280*g - 4. Is l prime?
True
Let b be ((-5)/(-20)*0)/2. Let k be 4/8*b/5. Suppose k = -i - 2, 2*o + 2*i - 6*i - 1474 = 0. Is o a composite number?
False
Suppose 933176 - 689400 - 2753527 = -79*v. Is v prime?
True
Suppose -3*m + 0*y = -3*y, 5*m - y - 16 = 0. Suppose -4*x + 655 = x + m*j, 5*x - 625 = 2*j. Is x prime?
True
Let p = 8786 - -8085. Is p composite?
False
Let c = 15460 + 1027. Is c prime?
True
Suppose -33*d - 38*d + 86*d = 9206835. Is d a composite number?
True
Let h(m) be the second derivative of m**5/20 + m**3/6 + 2149*m**2/2 - 5*m. Let s(w) = w**3 + 3*w**2 + 8*w + 6. Let u be s(-1). Is h(u) a composite number?
True
Suppose -20 = 84*o - 80*o. Is (o + 3)/(1/(5897/(-2))) a composite number?
False
Let x be 246/30 + -8 - 1/5. Suppose 5*y = -2*s + 293, x = 2*y + 75 - 73. Is s prime?
True
Is 33203 - (-13 + 8 + 9) a composite number?
False
Suppose -30395 = -8*l - 9731. Let i = -760 + l. Is i a prime number?
True
Let h(p) = -209*p + 12. Let a be h(-21). Let r = a + 3388. Is r a composite number?
False
Suppose -12 = -17*x + 13*x. Suppose 2433 = 6*m - x*m. Let q = m - 492. Is q a composite number?
True
Suppose 3*c = -3*b + 318, 7*c - 4*b = 4*c + 346. Let f = c - 73. Is f composite?
False
Let f(t) = 1587*t**3 + 59*t**2 - 224*t + 11. Is f(4) prime?
True
Let j = 2710 - 1918. Let l be (-2041)/((-3)/3*1). Let o = l + j. Is o composite?
False
Suppose -p - 3*p + 5*b - 